2
Calculate the highest common factor of 3498 and 11.
11
What is the highest common factor of 480 and 3120?
240
What is the greatest common divisor of 28 and 350?
14
Calculate the greatest common factor of 219 and 68985.
219
What is the greatest common factor of 230 and 46?
46
Calculate the highest common factor of 925 and 2257.
37
Calculate the highest common divisor of 16 and 1072.
16
Calculate the greatest common divisor of 168 and 10668.
84
What is the highest common factor of 1104 and 192?
48
Calculate the highest common factor of 52 and 91.
13
Calculate the highest common divisor of 5 and 1805.
5
Calculate the greatest common factor of 18028 and 8.
4
What is the highest common divisor of 70 and 90?
10
What is the greatest common divisor of 3353 and 14?
7
Calculate the highest common divisor of 3835 and 65.
65
What is the highest common factor of 368 and 115?
23
What is the highest common factor of 3 and 339?
3
What is the highest common factor of 3 and 7?
1
Calculate the greatest common factor of 152 and 56.
8
Calculate the highest common factor of 936 and 360.
72
What is the highest common divisor of 54 and 378?
54
What is the greatest common factor of 7 and 490?
7
Calculate the greatest common factor of 48 and 4188.
12
What is the highest common factor of 1564 and 1656?
92
What is the highest common factor of 3231 and 18?
9
What is the greatest common divisor of 37 and 44807?
37
Calculate the highest common divisor of 30 and 1545.
15
What is the highest common factor of 35 and 1715?
35
What is the highest common factor of 36 and 8406?
18
What is the greatest common divisor of 4313 and 19?
19
What is the highest common divisor of 961 and 124?
31
Calculate the greatest common divisor of 2478 and 472.
118
What is the highest common factor of 64 and 1296?
16
Calculate the highest common divisor of 90 and 162.
18
Calculate the highest common factor of 580 and 60.
20
What is the highest common factor of 437 and 38?
19
Calculate the greatest common factor of 90 and 1230.
30
Calculate the highest common divisor of 19 and 3.
1
Calculate the greatest common factor of 21 and 9051.
21
Calculate the greatest common divisor of 44 and 2453.
11
Calculate the greatest common divisor of 128 and 2432.
128
What is the highest common factor of 8 and 864?
8
Calculate the greatest common factor of 1696 and 1376.
32
What is the highest common divisor of 182 and 5551?
91
Calculate the greatest common divisor of 6 and 942.
6
What is the highest common divisor of 203 and 17458?
203
Calculate the highest common factor of 22 and 4609.
11
What is the greatest common divisor of 392 and 49?
49
What is the highest common factor of 225 and 125?
25
What is the greatest common divisor of 12 and 6732?
12
What is the highest common divisor of 364 and 91?
91
What is the greatest common factor of 15 and 795?
15
What is the highest common divisor of 32 and 7776?
32
What is the greatest common divisor of 456 and 13110?
114
Calculate the highest common factor of 45 and 85.
5
What is the highest common divisor of 30 and 195?
15
Calculate the highest common divisor of 13 and 13.
13
What is the greatest common factor of 1422 and 36?
18
Calculate the highest common divisor of 84 and 74172.
84
What is the greatest common divisor of 108 and 1572?
12
What is the greatest common factor of 1737 and 9?
9
Calculate the greatest common factor of 1799 and 14.
7
Calculate the greatest common factor of 315 and 7.
7
What is the highest common factor of 120 and 1230?
30
What is the greatest common factor of 32 and 896?
32
What is the highest common factor of 216 and 9852?
12
What is the highest common factor of 20304 and 96?
48
What is the highest common factor of 420 and 100?
20
Calculate the highest common factor of 21252 and 88.
44
What is the highest common factor of 3223 and 1465?
293
Calculate the highest common divisor of 1610 and 5980.
230
Calculate the highest common factor of 157 and 26533.
157
What is the highest common divisor of 304 and 988?
76
Calculate the greatest common factor of 378 and 84.
42
Calculate the greatest common divisor of 40 and 290.
10
What is the greatest common divisor of 116 and 58?
58
Calculate the greatest common divisor of 38 and 14.
2
What is the highest common divisor of 12 and 64128?
12
Calculate the greatest common divisor of 231 and 231.
231
Calculate the greatest common divisor of 257 and 50115.
257
What is the greatest common divisor of 20 and 3560?
20
Calculate the highest common factor of 1848 and 21.
21
Calculate the highest common factor of 270 and 7074.
54
What is the highest common factor of 235 and 15?
5
Calculate the greatest common divisor of 840 and 108.
12
What is the highest common factor of 351 and 9360?
117
Calculate the highest common divisor of 260 and 8320.
260
Calculate the greatest common divisor of 5 and 17.
1
What is the greatest common divisor of 25 and 10025?
25
What is the greatest common divisor of 5 and 1795?
5
Calculate the highest common factor of 300 and 645.
15
What is the greatest common factor of 76 and 60?
4
Calculate the highest common divisor of 15958 and 202.
202
Calculate the highest common factor of 150 and 26475.
75
Calculate the highest common divisor of 210 and 56.
14
What is the greatest common divisor of 70 and 21735?
35
Calculate the greatest common divisor of 12 and 17616.
12
What is the highest common factor of 3015 and 45?
45
What is the greatest common factor of 18 and 972?
18
Calculate the highest common factor of 25 and 44550.
25
What is the greatest common divisor of 5955 and 6?
3
What is the highest common factor of 88 and 77?
11
Calculate the highest common divisor of 13 and 416.
13
What is the greatest common divisor of 3 and 177?
3
What is the highest common divisor of 175 and 10?
5
What is the greatest common factor of 265 and 159?
53
Calculate the highest common factor of 4080 and 400.
80
Calculate the greatest common factor of 99 and 66.
33
Calculate the highest common divisor of 492 and 5535.
123
What is the highest common divisor of 22 and 33?
11
What is the greatest common factor of 420 and 60?
60
What is the greatest common divisor of 325 and 100?
25
Calculate the highest common divisor of 105 and 5940.
15
Calculate the highest common factor of 36 and 4716.
36
What is the highest common factor of 49 and 49?
49
Calculate the greatest common divisor of 356 and 89.
89
What is the highest common factor of 870 and 120?
30
Calculate the highest common divisor of 363 and 165.
33
Calculate the highest common factor of 549 and 18.
9
What is the greatest common divisor of 156 and 8632?
52
What is the greatest common divisor of 11 and 12?
1
What is the highest common divisor of 6 and 3966?
6
What is the greatest common divisor of 9 and 813?
3
What is the highest common divisor of 130 and 26?
26
Calculate the greatest common divisor of 12 and 45576.
12
Calculate the greatest common factor of 10 and 470.
10
What is the greatest common divisor of 595 and 340?
85
Calculate the highest common factor of 204 and 16524.
204
What is the greatest common divisor of 136 and 459?
17
Calculate the highest common factor of 2 and 89.
1
Calculate the highest common divisor of 86 and 2.
2
Calculate the highest common divisor of 6302 and 368.
46
What is the greatest common factor of 247 and 39?
13
Calculate the highest common divisor of 15 and 270.
15
Calculate the greatest common factor of 6564 and 168.
12
Calculate the greatest common factor of 140 and 148.
4
Calculate the highest common divisor of 11889 and 9.
9
Calculate the highest common divisor of 5609 and 284.
71
Calculate the greatest common divisor of 34685 and 70.
35
What is the greatest common divisor of 1456 and 13286?
182
What is the greatest common factor of 8640 and 270?
270
What is the highest common divisor of 36 and 156?
12
Calculate the highest common divisor of 3888 and 96.
48
What is the highest common factor of 775 and 9455?
155
Calculate the highest common divisor of 37 and 142487.
37
Calculate the greatest common divisor of 144 and 144.
144
Calculate the highest common divisor of 236 and 4.
4
Calculate the highest common divisor of 2478 and 21.
21
What is the highest common divisor of 305 and 2867?
61
What is the highest common factor of 70